54. What is the greatest common divisor of q and 42?
42
Let x be 36/30 - (3894/(-30) + 1). What is the greatest common factor of 2210 and x?
130
Suppose 0 = 1110*t - 401*t - 13471. Let z(s) = 151*s + 2. Let p be z(2). Calculate the greatest common factor of t and p.
19
Suppose -11*d = -12*d + 241. Suppose 263 = 14*f - d. Calculate the greatest common factor of 24 and f.
12
Suppose 3*d - w = 3*w + 347, 3*w = -3*d + 375. Suppose d + 35 = 4*p + 2*j, -4*p + 3*j = -136. Calculate the highest common divisor of p and 185.
37
Suppose 0 = -22*x + 774 + 3054. Suppose 0*k + x = 5*u + 2*k, 4*u = -2*k + 138. What is the highest common factor of 12 and u?
12
Let k be (1*(-14 - -3)*-1)/(3/237). What is the highest common divisor of 44 and k?
11
Let d = -2563 - -2620. Calculate the greatest common factor of 114 and d.
57
Suppose -233250 = 84*k - 968418. What is the highest common divisor of 16 and k?
16
Let h be 28/(-6) + (24/9 - 3). Let m be 3 + h/5*-39. Suppose 2*t - 61 - 149 = 0. Calculate the greatest common factor of t and m.
21
Let y = 1913 + 9255. What is the highest common factor of 32 and y?
32
Suppose -591973 = -41*n - 237405. What is the highest common divisor of n and 470?
94
Let n = 187 - 267. Let w be (-1654)/(-10) + 32/n. Suppose 0 = -3*i - 0*i + 198. What is the highest common factor of w and i?
33
Suppose -5*j = 4*o, 0 = 3*j - 0*j - 3*o - 27. Suppose 4*r + 8 + j = 0. Let t be (r - -2)*-44*(2 + 1). What is the greatest common factor of 88 and t?
44
Let t be (15/(-7) + 1)/(-14 - (-10962)/784). Suppose -17 = -2*r - 1. Calculate the greatest common factor of t and r.
8
Let n = -21186 + 21962. Calculate the greatest common divisor of n and 64.
8
Let k be ((6/24)/1)/((-31)/(-3348)). Calculate the highest common divisor of 711 and k.
9
Let i be 12249/33 - (40/(-22) + 2). Let w be 19/(-38) - (-428)/8. What is the greatest common factor of i and w?
53
Suppose 0 = -o - 4 + 6. Let z be ((-6)/(-18))/(((-2)/(-15))/o). Suppose -z*m = -335 + 5. Calculate the highest common divisor of 165 and m.
33
Suppose -71*j + 243 = -680. Let g(f) = -25*f + 357. Let s be g(j). Suppose 3 = -2*d + 19. What is the greatest common factor of d and s?
8
Suppose 4*f - 6*f = 2*j - 26, -3*f = -2*j - 34. Let p = -432 - -547. Suppose o = 307 - p. Calculate the greatest common divisor of f and o.
12
Let j be (26/(-5))/((-5)/400). Let g(p) = 3*p**2 + 3*p - 8. Let b be g(4). What is the greatest common factor of b and j?
52
Suppose 2855 + 7225 = 14*i. Calculate the greatest common divisor of i and 6660.
180
Suppose 3*x - 109*x = -38*x - 3128. Let c(y) = -7*y**3 - 6*y**2 - y + 6. Let k be c(-5). Calculate the highest common divisor of x and k.
46
Let a = 432 - 384. Let g = -502 + 838. Calculate the highest common divisor of a and g.
48
Suppose 10*b + 143 = -5*b + 758. What is the highest common factor of 2173 and b?
41
Suppose 8*d = 24*d - 2976. Let r = 210 - d. Calculate the highest common factor of r and 64.
8
Let v = -33 - -92. Let k = -2 + v. What is the highest common factor of k and 95?
19
Let l(f) = -87*f + 446. Let d be l(5). Let y(c) = -22*c**3 - c**2 + c + 6. Let w be y(-2). Calculate the greatest common factor of w and d.
11
Let l be ((-2)/(-1))/(-1) - -152. Let r(t) = 4*t + 6. Let c be 1/(1/8) + -2. Let d be r(c). Calculate the greatest common divisor of d and l.
30
Let u = -19 - -23. Suppose -u*i = 2*q + i - 65, -5*q + 5*i = -180. Suppose 0 = -9*y - 5*y + 1470. Calculate the highest common divisor of y and q.
35
Let t = 294 - 186. Suppose 27*y + 1168 = 1816. What is the highest common divisor of y and t?
12
Suppose -121*q - 5288 + 9830 = -10825. What is the highest common divisor of q and 33401?
127
Suppose 10*u = 96*u - 200552. Calculate the greatest common factor of u and 44.
44
Let r = -45166 - -46052. What is the greatest common divisor of 2 and r?
2
Suppose 0 = 11*m - 0*m - 110. Suppose -7*l + m*l = 63. What is the greatest common divisor of l and 14?
7
Let k(b) = 61*b + 77. Let m be k(3). Let l = m - 192. Calculate the greatest common divisor of l and 85.
17
Suppose -v + 0*v = 5*f + 38, -3 = v. Let a(m) = m**3 + 9*m**2 + 10*m + 4. Let x be a(f). Suppose -r + 1 + 3 = 0. What is the greatest common divisor of x and r?
4
Suppose 4*t - 4*q + 3722 = 17902, t + 4*q - 3575 = 0. What is the greatest common divisor of t and 67?
67
Let g be (-35 + 37)/((-4)/(-8738)). Calculate the greatest common factor of 17 and g.
17
Suppose -12*f - 1101 - 6003 = 0. Let v = f + 702. Calculate the greatest common divisor of v and 140.
10
Let j(k) = 15*k**2 - 15*k + 101. Let s be j(7). Calculate the greatest common divisor of s and 43.
43
Suppose 3*z - 11 = 2*q, 0 = -3*q + 5*z - 3 - 13. Let i be 366/4 - q/14. What is the highest common factor of 46 and i?
46
Let b be 1/(-3) + (-602)/(-6). Let d(i) = 167 - 29 + 10*i + 22. Let f be d(-12). Calculate the highest common divisor of b and f.
20
Let h(j) = -j**3 - 6*j**2 + 5*j + 6. Let s be h(-4). Let k = s - -58. Suppose 5*z + 6 = -3*t, 2*t - k = -t + z. What is the greatest common factor of t and 24?
3
Suppose -4*h = -3*g + 14388, -553 = -3*g + 5*h + 13841. Calculate the greatest common divisor of 38 and g.
38
Let p = 239 - 122. Suppose -31*t = -22*t - p. Calculate the greatest common factor of 26 and t.
13
Let f = -2936 + 3061. Calculate the greatest common factor of f and 55.
5
Suppose 0 = 412*a - 235481 + 36073. What is the highest common factor of a and 198?
22
Let t = -50 - 54. Let k = t + 112. Let d be (-2 - 0)*(-2 - 6). What is the greatest common factor of d and k?
8
Let c be (-6 - (-186)/30)*1 - (-15349)/5. What is the highest common divisor of c and 20?
10
Suppose -83*g + 120*g - 208 = -171*g. Calculate the highest common divisor of 1019 and g.
1
Let n(p) = -2*p**2 - 47*p - 1. Let c be n(-23). Let i(y) = -y**2 + 21*y + 91. Let v be i(c). What is the highest common factor of v and 6?
3
Suppose 0 = -354*l + 349*l + d + 796, -608 = -4*l - 4*d. Calculate the highest common factor of 10112 and l.
158
Suppose 65 + 91 = -2*b. Let j = 26 + b. Let z = 66 + j. Calculate the greatest common divisor of z and 126.
14
Let h be (86/172)/(1/2). Let o(b) = 350*b**2 + 18*b - 16. Let l be o(h). Calculate the greatest common divisor of 16 and l.
16
Let r be (-24)/42 - (-5)/35*1145. Calculate the greatest common divisor of 9617 and r.
163
Suppose 4*i + 3*f - 79 = 197, 0 = 5*f - 20. Calculate the greatest common factor of i and 3168.
66
Suppose 75*u = 78*u + 663. Let p = u - -505. Suppose 3*o + 5*r = 6*o - p, 0 = 5*o + 3*r - 462. What is the highest common factor of 31 and o?
31
Let g(n) = n**3 + 32*n**2 - 32*n + 78. Let u be g(-33). Calculate the highest common factor of 2205 and u.
45
Let c = 21914 - 21257. Calculate the highest common divisor of 171 and c.
9
Let d(r) = 6*r - 174 + 177 - 129. Let w be d(25). Calculate the highest common divisor of 16 and w.
8
Suppose 21*p = 8*p + 832. Let f(j) = -137*j + 28. Let v be f(-4). What is the highest common factor of p and v?
64
Suppose -5*o - 1979 = 4*p, -5*p = -2*o + o - 390. Let c = o - -598. Calculate the highest common factor of 116 and c.
29
Let f = 10684 + -10679. What is the greatest common divisor of 7855 and f?
5
Suppose 6071 = a - 2*w, -9*a + 7*a + 12130 = -w. What is the highest common factor of a and 6?
3
Let c be (-7)/(63/(-108)) + -3 + 10. Calculate the greatest common factor of 855 and c.
19
Suppose -10*k + 38995 = 15*w - 10*w, -3*w - 5*k = -23396. What is the highest common divisor of 226 and w?
113
Let q = -35 + 39. Suppose -q*m + 3*m = -26. Let k(n) = 17*n**2 + 5*n - 18. Let f be k(-4). What is the greatest common divisor of f and m?
26
Suppose 243*l - 76*l = -7155 + 25191. Calculate the highest common divisor of 588 and l.
12
Suppose 2*z - 3*n = 16 + 83, -3*n + 237 = 5*z. What is the greatest common divisor of z and 168?
24
Let h(d) = d**2 - 13*d + 145. Let i be h(13). Calculate the greatest common factor of 5568 and i.
29
Suppose 2*z + 84 = 2*q + 6*z, -3*q + 3*z = -81. What is the greatest common factor of 6224 and q?
16
Let m be (-5 - -3)*-2 - -1. Suppose m*j = 5*o - 125, 4*o + 4*j = -o + 134. Calculate the greatest common divisor of o and 91.
13
Suppose -96 = -2*x + 2*m, 5*x + 5*m = 3*m + 254. Suppose -38*t - 4536 = -x*t. What is the greatest common divisor of 42 and t?
42
Let q = 1280 -